{"id":28,"date":"2016-06-08T09:54:05","date_gmt":"2016-06-08T08:54:05","guid":{"rendered":"http:\/\/esadmm.fr\/en\/?page_id=28"},"modified":"2019-09-12T09:23:35","modified_gmt":"2019-09-12T08:23:35","slug":"the-team","status":"publish","type":"page","link":"http:\/\/esadmm.fr\/en\/","title":{"rendered":"THE TEAM"},"content":{"rendered":"<p><strong>PROFESSORS <\/strong><\/p>\n<p>Art &amp; Design:<\/p>\n<p>Drawing, Painting, Color, Multiple images, Still and Motion photography, Cinema, Video, Writing, Multimedia, Computer Graphics, Virtual spaces, Volume, Sound, Sculpture, Installation, Performance, Design, Objects, Space design, Architecture&#8230;<\/p>\n<p>&nbsp;<\/p>\n<p>Max Armengaud<\/p>\n<p>Dominik Barbier<\/p>\n<p>Christophe Berdaguer<\/p>\n<p>Patrice Carr\u00e9<\/p>\n<p>Pierre-Laurent Cassi\u00e8re<\/p>\n<p>Sylvain Deleneuville<\/p>\n<p>Nathalie Dewez<\/p>\n<p>Fr\u00e9d\u00e9rick du Chayla<\/p>\n<p>J\u00e9r\u00f4me Duval<\/p>\n<p>G\u00e9rard Fabre<\/p>\n<p>Sylvie Fajfrowska<\/p>\n<p>Fr\u00e9d\u00e9ric Fr\u00e9dout<\/p>\n<p>Jean-Louis Garnell<\/p>\n<p>Chourouk Hriech<\/p>\n<p>Ronan Kerdreux<\/p>\n<p>Piotr Klemensiewicz<\/p>\n<p>Saverio Lucariello<\/p>\n<p>Julien Maire<\/p>\n<p>Agn\u00e8s Martel<\/p>\n<p>Fran\u00e7ois Mezzapelle<\/p>\n<p>Didier Morin<\/p>\n<p>\u00c9ric Pasquiou<\/p>\n<p>Fr\u00e9d\u00e9ric Pradeau<\/p>\n<p>Alain Rivi\u00e8re<\/p>\n<p>Karine Rougier<\/p>\n<p>Jean-Claude Ruggirello<\/p>\n<p>Jean-Baptiste Sauvage<\/p>\n<p>Axel Schindlbeck<\/p>\n<p>Katharina Schmidt<\/p>\n<p>&nbsp;<\/p>\n<p><strong>PHILOSOPHY, ART\/DESIGN HISTORY AND THEORY, LANGUAGES:<\/strong><\/p>\n<p>Fr\u00e9d\u00e9ric Appy<\/p>\n<p>Vanessa Brito<\/p>\n<p>Philippe Delahautemaison<\/p>\n<p>Anna Dezeuze<\/p>\n<p>Fr\u00e9d\u00e9rique Entrialgo<\/p>\n<p>Alexandra Gadoni<\/p>\n<p>Lise Gu\u00e9henneux<\/p>\n<p>Nina Leger<\/p>\n<p>C\u00e9cile Marie-Castanet<\/p>\n<p>Denis Prisset<\/p>\n<p>Dennis Tredy<\/p>\n<p>Christopher Jones<\/p>\n<p>Audrey Ziane<\/p>\n<p>&nbsp;<\/p>\n<p>&nbsp;<\/p>\n<p><strong>TEACHING ASSISTANTS<\/strong><\/p>\n<p>Technological and technical basis:<\/p>\n<p>H\u00e9l\u00e8ne Biesse, <strong>photography<\/strong><\/p>\n<p>Laurent Chiri\u00e9, <strong>computer graphics<\/strong><\/p>\n<p>Denise Deutch, <strong>video<\/strong><\/p>\n<p>Andr\u00e9 Forestier, <strong>photography<\/strong><\/p>\n<p>Luc Jeand\u2019heur, <strong>artistic and theoretical subjects<\/strong><\/p>\n<p>Lugdivine Lef\u00e8vre , <strong>ceramic<\/strong><\/p>\n<p>Diane Malatesta, <strong>silkscreen printing<\/strong><\/p>\n<p>R\u00e9my Marin, <strong>wood<\/strong><\/p>\n<p>Christophe Perez, <strong>metal<\/strong><\/p>\n<p>Marta Rueda, <strong>silkscreen printing<\/strong><\/p>\n<p>Patrick Sommier, <strong>sound<\/strong><\/p>\n<p>Franca Trovato, photography, <strong>Pisourd<\/strong><\/p>\n<p>Gilbert Viale, <strong>first-year<\/strong><\/p>\n<p>&nbsp;<\/p>\n<p><strong>PUBLIC STUDIOS<\/strong><\/p>\n<p>Pierre-Louis Albert<\/p>\n<p>Pierre Architta<\/p>\n<p>Bernard Brian\u00e7on<\/p>\n<p>Fran\u00e7oise Buadas<\/p>\n<p>Pierre Chanoine<\/p>\n<p>J\u00e9r\u00e9mie Delhome<\/p>\n<p>Gr\u00e9gory Murot<\/p>\n<p>Nicolas Nicolini<\/p>\n<p>Nicolas Pilard<\/p>\n","protected":false},"excerpt":{"rendered":"<p>PROFESSORS Art &amp; Design: Drawing, Painting, Color, Multiple images, Still and Motion photography, Cinema, Video, Writing, Multimedia, Computer Graphics, Virtual spaces, Volume, Sound, Sculpture, Installation, Performance, Design, Objects, Space design, Architecture&#8230; &nbsp; Max Armengaud Dominik Barbier Christophe Berdaguer Patrice Carr\u00e9 Pierre-Laurent Cassi\u00e8re Sylvain Deleneuville Nathalie Dewez Fr\u00e9d\u00e9rick du Chayla J\u00e9r\u00f4me Duval G\u00e9rard Fabre Sylvie Fajfrowska [&hellip;]<\/p>\n","protected":false},"author":4,"featured_media":94,"parent":23,"menu_order":2,"comment_status":"closed","ping_status":"closed","template":"","meta":{"footnotes":""},"class_list":["post-28","page","type-page","status-publish","has-post-thumbnail","hentry"],"yoast_head":"<!-- This site is optimized with the Yoast SEO plugin v17.3 - https:\/\/yoast.com\/wordpress\/plugins\/seo\/ -->\n<meta name=\"robots\" content=\"index, follow, max-snippet:-1, max-image-preview:large, max-video-preview:-1\" \/>\n<link rel=\"canonical\" href=\"http:\/\/esadmm.fr\/en\/\" \/>\n<meta property=\"og:locale\" content=\"en_US\" \/>\n<meta property=\"og:type\" content=\"article\" \/>\n<meta property=\"og:title\" content=\"THE TEAM - The Marseille-Mediterranean College of Art and Design\" \/>\n<meta property=\"og:description\" content=\"PROFESSORS Art &amp; Design: Drawing, Painting, Color, Multiple images, Still and Motion photography, Cinema, Video, Writing, Multimedia, Computer Graphics, Virtual spaces, Volume, Sound, Sculpture, Installation, Performance, Design, Objects, Space design, Architecture&#8230; &nbsp; Max Armengaud Dominik Barbier Christophe Berdaguer Patrice Carr\u00e9 Pierre-Laurent Cassi\u00e8re Sylvain Deleneuville Nathalie Dewez Fr\u00e9d\u00e9rick du Chayla J\u00e9r\u00f4me Duval G\u00e9rard Fabre Sylvie Fajfrowska [&hellip;]\" \/>\n<meta property=\"og:url\" content=\"http:\/\/esadmm.fr\/en\/\" \/>\n<meta property=\"og:site_name\" content=\"The Marseille-Mediterranean College of Art and Design\" \/>\n<meta property=\"article:modified_time\" content=\"2019-09-12T08:23:35+00:00\" \/>\n<meta property=\"og:image\" content=\"http:\/\/esadmm.fr\/en\/wp-content\/uploads\/sites\/2\/2016\/06\/01-684x1024.jpg\" \/>\n\t<meta property=\"og:image:width\" content=\"684\" \/>\n\t<meta property=\"og:image:height\" content=\"1024\" \/>\n<meta name=\"twitter:label1\" content=\"Est. reading time\" \/>\n\t<meta name=\"twitter:data1\" content=\"1 minute\" \/>\n<script type=\"application\/ld+json\" class=\"yoast-schema-graph\">{\"@context\":\"https:\/\/schema.org\",\"@graph\":[{\"@type\":\"WebSite\",\"@id\":\"http:\/\/esadmm.fr\/en\/#website\",\"url\":\"http:\/\/esadmm.fr\/en\/\",\"name\":\"The Marseille-Mediterranean College of Art and Design\",\"description\":\"\",\"potentialAction\":[{\"@type\":\"SearchAction\",\"target\":{\"@type\":\"EntryPoint\",\"urlTemplate\":\"http:\/\/esadmm.fr\/en\/?s={search_term_string}\"},\"query-input\":\"required name=search_term_string\"}],\"inLanguage\":\"en-US\"},{\"@type\":\"ImageObject\",\"@id\":\"http:\/\/esadmm.fr\/en\/#primaryimage\",\"inLanguage\":\"en-US\",\"url\":\"http:\/\/esadmm.fr\/en\/wp-content\/uploads\/sites\/2\/2016\/06\/01.jpg\",\"contentUrl\":\"http:\/\/esadmm.fr\/en\/wp-content\/uploads\/sites\/2\/2016\/06\/01.jpg\",\"width\":3698,\"height\":5540},{\"@type\":\"WebPage\",\"@id\":\"http:\/\/esadmm.fr\/en\/#webpage\",\"url\":\"http:\/\/esadmm.fr\/en\/\",\"name\":\"THE TEAM - The Marseille-Mediterranean College of Art and Design\",\"isPartOf\":{\"@id\":\"http:\/\/esadmm.fr\/en\/#website\"},\"primaryImageOfPage\":{\"@id\":\"http:\/\/esadmm.fr\/en\/#primaryimage\"},\"datePublished\":\"2016-06-08T08:54:05+00:00\",\"dateModified\":\"2019-09-12T08:23:35+00:00\",\"breadcrumb\":{\"@id\":\"http:\/\/esadmm.fr\/en\/#breadcrumb\"},\"inLanguage\":\"en-US\",\"potentialAction\":[{\"@type\":\"ReadAction\",\"target\":[\"http:\/\/esadmm.fr\/en\/\"]}]},{\"@type\":\"BreadcrumbList\",\"@id\":\"http:\/\/esadmm.fr\/en\/#breadcrumb\",\"itemListElement\":[{\"@type\":\"ListItem\",\"position\":1,\"name\":\"Accueil\",\"item\":\"http:\/\/esadmm.fr\/en\/\"},{\"@type\":\"ListItem\",\"position\":2,\"name\":\"WELCOME\",\"item\":\"http:\/\/esadmm.fr\/en\/welcome\/\"},{\"@type\":\"ListItem\",\"position\":3,\"name\":\"THE TEAM\"}]}]}<\/script>\n<!-- \/ Yoast SEO plugin. -->","yoast_head_json":{"robots":{"index":"index","follow":"follow","max-snippet":"max-snippet:-1","max-image-preview":"max-image-preview:large","max-video-preview":"max-video-preview:-1"},"canonical":"http:\/\/esadmm.fr\/en\/","og_locale":"en_US","og_type":"article","og_title":"THE TEAM - The Marseille-Mediterranean College of Art and Design","og_description":"PROFESSORS Art &amp; Design: Drawing, Painting, Color, Multiple images, Still and Motion photography, Cinema, Video, Writing, Multimedia, Computer Graphics, Virtual spaces, Volume, Sound, Sculpture, Installation, Performance, Design, Objects, Space design, Architecture&#8230; &nbsp; Max Armengaud Dominik Barbier Christophe Berdaguer Patrice Carr\u00e9 Pierre-Laurent Cassi\u00e8re Sylvain Deleneuville Nathalie Dewez Fr\u00e9d\u00e9rick du Chayla J\u00e9r\u00f4me Duval G\u00e9rard Fabre Sylvie Fajfrowska [&hellip;]","og_url":"http:\/\/esadmm.fr\/en\/","og_site_name":"The Marseille-Mediterranean College of Art and Design","article_modified_time":"2019-09-12T08:23:35+00:00","og_image":[{"width":684,"height":1024,"url":"http:\/\/esadmm.fr\/en\/wp-content\/uploads\/sites\/2\/2016\/06\/01-684x1024.jpg","type":"image\/jpeg"}],"twitter_misc":{"Est. reading time":"1 minute"},"schema":{"@context":"https:\/\/schema.org","@graph":[{"@type":"WebSite","@id":"http:\/\/esadmm.fr\/en\/#website","url":"http:\/\/esadmm.fr\/en\/","name":"The Marseille-Mediterranean College of Art and Design","description":"","potentialAction":[{"@type":"SearchAction","target":{"@type":"EntryPoint","urlTemplate":"http:\/\/esadmm.fr\/en\/?s={search_term_string}"},"query-input":"required name=search_term_string"}],"inLanguage":"en-US"},{"@type":"ImageObject","@id":"http:\/\/esadmm.fr\/en\/#primaryimage","inLanguage":"en-US","url":"http:\/\/esadmm.fr\/en\/wp-content\/uploads\/sites\/2\/2016\/06\/01.jpg","contentUrl":"http:\/\/esadmm.fr\/en\/wp-content\/uploads\/sites\/2\/2016\/06\/01.jpg","width":3698,"height":5540},{"@type":"WebPage","@id":"http:\/\/esadmm.fr\/en\/#webpage","url":"http:\/\/esadmm.fr\/en\/","name":"THE TEAM - The Marseille-Mediterranean College of Art and Design","isPartOf":{"@id":"http:\/\/esadmm.fr\/en\/#website"},"primaryImageOfPage":{"@id":"http:\/\/esadmm.fr\/en\/#primaryimage"},"datePublished":"2016-06-08T08:54:05+00:00","dateModified":"2019-09-12T08:23:35+00:00","breadcrumb":{"@id":"http:\/\/esadmm.fr\/en\/#breadcrumb"},"inLanguage":"en-US","potentialAction":[{"@type":"ReadAction","target":["http:\/\/esadmm.fr\/en\/"]}]},{"@type":"BreadcrumbList","@id":"http:\/\/esadmm.fr\/en\/#breadcrumb","itemListElement":[{"@type":"ListItem","position":1,"name":"Accueil","item":"http:\/\/esadmm.fr\/en\/"},{"@type":"ListItem","position":2,"name":"WELCOME","item":"http:\/\/esadmm.fr\/en\/welcome\/"},{"@type":"ListItem","position":3,"name":"THE TEAM"}]}]}},"_links":{"self":[{"href":"http:\/\/esadmm.fr\/en\/wp-json\/wp\/v2\/pages\/28","targetHints":{"allow":["GET"]}}],"collection":[{"href":"http:\/\/esadmm.fr\/en\/wp-json\/wp\/v2\/pages"}],"about":[{"href":"http:\/\/esadmm.fr\/en\/wp-json\/wp\/v2\/types\/page"}],"author":[{"embeddable":true,"href":"http:\/\/esadmm.fr\/en\/wp-json\/wp\/v2\/users\/4"}],"replies":[{"embeddable":true,"href":"http:\/\/esadmm.fr\/en\/wp-json\/wp\/v2\/comments?post=28"}],"version-history":[{"count":16,"href":"http:\/\/esadmm.fr\/en\/wp-json\/wp\/v2\/pages\/28\/revisions"}],"predecessor-version":[{"id":187,"href":"http:\/\/esadmm.fr\/en\/wp-json\/wp\/v2\/pages\/28\/revisions\/187"}],"up":[{"embeddable":true,"href":"http:\/\/esadmm.fr\/en\/wp-json\/wp\/v2\/pages\/23"}],"wp:featuredmedia":[{"embeddable":true,"href":"http:\/\/esadmm.fr\/en\/wp-json\/wp\/v2\/media\/94"}],"wp:attachment":[{"href":"http:\/\/esadmm.fr\/en\/wp-json\/wp\/v2\/media?parent=28"}],"curies":[{"name":"wp","href":"https:\/\/api.w.org\/{rel}","templated":true}]}}

<p><strong>PROFESSORS </strong></p>
<p>Art &amp; Design:</p>
<p>Drawing, Painting, Color, Multiple images, Still and Motion photography, Cinema, Video, Writing, Multimedia, Computer Graphics, Virtual spaces, Volume, Sound, Sculpture, Installation, Performance, Design, Objects, Space design, Architecture&#8230;</p>
<p>&nbsp;</p>
<p>Max Armengaud</p>
<p>Dominik Barbier</p>
<p>Christophe Berdaguer</p>
<p>Patrice Carré</p>
<p>Pierre-Laurent Cassière</p>
<p>Sylvain Deleneuville</p>
<p>Nathalie Dewez</p>
<p>Frédérick du Chayla</p>
<p>Jérôme Duval</p>
<p>Gérard Fabre</p>
<p>Sylvie Fajfrowska</p>
<p>Frédéric Frédout</p>
<p>Jean-Louis Garnell</p>
<p>Chourouk Hriech</p>
<p>Ronan Kerdreux</p>
<p>Piotr Klemensiewicz</p>
<p>Saverio Lucariello</p>
<p>Julien Maire</p>
<p>Agnès Martel</p>
<p>François Mezzapelle</p>
<p>Didier Morin</p>
<p>Éric Pasquiou</p>
<p>Frédéric Pradeau</p>
<p>Alain Rivière</p>
<p>Karine Rougier</p>
<p>Jean-Claude Ruggirello</p>
<p>Jean-Baptiste Sauvage</p>
<p>Axel Schindlbeck</p>
<p>Katharina Schmidt</p>
<p>&nbsp;</p>
<p><strong>PHILOSOPHY, ART/DESIGN HISTORY AND THEORY, LANGUAGES:</strong></p>
<p>Frédéric Appy</p>
<p>Vanessa Brito</p>
<p>Philippe Delahautemaison</p>
<p>Anna Dezeuze</p>
<p>Frédérique Entrialgo</p>
<p>Alexandra Gadoni</p>
<p>Lise Guéhenneux</p>
<p>Nina Leger</p>
<p>Cécile Marie-Castanet</p>
<p>Denis Prisset</p>
<p>Dennis Tredy</p>
<p>Christopher Jones</p>
<p>Audrey Ziane</p>
<p>&nbsp;</p>
<p>&nbsp;</p>
<p><strong>TEACHING ASSISTANTS</strong></p>
<p>Technological and technical basis:</p>
<p>Hélène Biesse, <strong>photography</strong></p>
<p>Laurent Chirié, <strong>computer graphics</strong></p>
<p>Denise Deutch, <strong>video</strong></p>
<p>André Forestier, <strong>photography</strong></p>
<p>Luc Jeand’heur, <strong>artistic and theoretical subjects</strong></p>
<p>Lugdivine Lefèvre , <strong>ceramic</strong></p>
<p>Diane Malatesta, <strong>silkscreen printing</strong></p>
<p>Rémy Marin, <strong>wood</strong></p>
<p>Christophe Perez, <strong>metal</strong></p>
<p>Marta Rueda, <strong>silkscreen printing</strong></p>
<p>Patrick Sommier, <strong>sound</strong></p>
<p>Franca Trovato, photography, <strong>Pisourd</strong></p>
<p>Gilbert Viale, <strong>first-year</strong></p>
<p>&nbsp;</p>
<p><strong>PUBLIC STUDIOS</strong></p>
<p>Pierre-Louis Albert</p>
<p>Pierre Architta</p>
<p>Bernard Briançon</p>
<p>Françoise Buadas</p>
<p>Pierre Chanoine</p>
<p>Jérémie Delhome</p>
<p>Grégory Murot</p>
<p>Nicolas Nicolini</p>
<p>Nicolas Pilard</p>

<p>PROFESSORS Art &amp; Design: Drawing, Painting, Color, Multiple images, Still and Motion photography, Cinema, Video, Writing, Multimedia, Computer Graphics, Virtual spaces, Volume, Sound, Sculpture, Installation, Performance, Design, Objects, Space design, Architecture&#8230; &nbsp; Max Armengaud Dominik Barbier Christophe Berdaguer Patrice Carré Pierre-Laurent Cassière Sylvain Deleneuville Nathalie Dewez Frédérick du Chayla Jérôme Duval Gérard Fabre Sylvie Fajfrowska [&hellip;]</p>

<!-- This site is optimized with the Yoast SEO plugin v17.3 - https://yoast.com/wordpress/plugins/seo/ -->
<meta name="robots" content="index, follow, max-snippet:-1, max-image-preview:large, max-video-preview:-1" />
<link rel="canonical" href="http://esadmm.fr/en/" />
<meta property="og:locale" content="en_US" />
<meta property="og:type" content="article" />
<meta property="og:title" content="THE TEAM - The Marseille-Mediterranean College of Art and Design" />
<meta property="og:description" content="PROFESSORS Art &amp; Design: Drawing, Painting, Color, Multiple images, Still and Motion photography, Cinema, Video, Writing, Multimedia, Computer Graphics, Virtual spaces, Volume, Sound, Sculpture, Installation, Performance, Design, Objects, Space design, Architecture&#8230; &nbsp; Max Armengaud Dominik Barbier Christophe Berdaguer Patrice Carré Pierre-Laurent Cassière Sylvain Deleneuville Nathalie Dewez Frédérick du Chayla Jérôme Duval Gérard Fabre Sylvie Fajfrowska [&hellip;]" />
<meta property="og:url" content="http://esadmm.fr/en/" />
<meta property="og:site_name" content="The Marseille-Mediterranean College of Art and Design" />
<meta property="article:modified_time" content="2019-09-12T08:23:35+00:00" />
<meta property="og:image" content="http://esadmm.fr/en/wp-content/uploads/sites/2/2016/06/01-684x1024.jpg" />
	<meta property="og:image:width" content="684" />
	<meta property="og:image:height" content="1024" />
<meta name="twitter:label1" content="Est. reading time" />
	<meta name="twitter:data1" content="1 minute" />
<script type="application/ld+json" class="yoast-schema-graph">{"@context":"https://schema.org","@graph":[{"@type":"WebSite","@id":"http://esadmm.fr/en/#website","url":"http://esadmm.fr/en/","name":"The Marseille-Mediterranean College of Art and Design","description":"","potentialAction":[{"@type":"SearchAction","target":{"@type":"EntryPoint","urlTemplate":"http://esadmm.fr/en/?s={search_term_string}"},"query-input":"required name=search_term_string"}],"inLanguage":"en-US"},{"@type":"ImageObject","@id":"http://esadmm.fr/en/#primaryimage","inLanguage":"en-US","url":"http://esadmm.fr/en/wp-content/uploads/sites/2/2016/06/01.jpg","contentUrl":"http://esadmm.fr/en/wp-content/uploads/sites/2/2016/06/01.jpg","width":3698,"height":5540},{"@type":"WebPage","@id":"http://esadmm.fr/en/#webpage","url":"http://esadmm.fr/en/","name":"THE TEAM - The Marseille-Mediterranean College of Art and Design","isPartOf":{"@id":"http://esadmm.fr/en/#website"},"primaryImageOfPage":{"@id":"http://esadmm.fr/en/#primaryimage"},"datePublished":"2016-06-08T08:54:05+00:00","dateModified":"2019-09-12T08:23:35+00:00","breadcrumb":{"@id":"http://esadmm.fr/en/#breadcrumb"},"inLanguage":"en-US","potentialAction":[{"@type":"ReadAction","target":["http://esadmm.fr/en/"]}]},{"@type":"BreadcrumbList","@id":"http://esadmm.fr/en/#breadcrumb","itemListElement":[{"@type":"ListItem","position":1,"name":"Accueil","item":"http://esadmm.fr/en/"},{"@type":"ListItem","position":2,"name":"WELCOME","item":"http://esadmm.fr/en/welcome/"},{"@type":"ListItem","position":3,"name":"THE TEAM"}]}]}</script>
<!-- / Yoast SEO plugin. -->

PROFESSORS Art &amp; Design: Drawing, Painting, Color, Multiple images, Still and Motion photography, Cinema, Video, Writing, Multimedia, Computer Graphics, Virtual spaces, Volume, Sound, Sculpture, Installation, Performance, Design, Objects, Space design, Architecture&#8230; &nbsp; Max Armengaud Dominik Barbier Christophe Berdaguer Patrice Carré Pierre-Laurent Cassière Sylvain Deleneuville Nathalie Dewez Frédérick du Chayla Jérôme Duval Gérard Fabre Sylvie Fajfrowska [&hellip;]
